{"id":22873,"date":"2025-08-04T16:12:55","date_gmt":"2025-08-04T14:12:55","guid":{"rendered":"https:\/\/cmb.hu-berlin.de\/Drittmittelprojekte\/saisir-leurope\/"},"modified":"2025-08-04T16:12:55","modified_gmt":"2025-08-04T14:12:55","slug":"saisir-leurope","status":"publish","type":"dm_projekte","link":"https:\/\/cmb.hu-berlin.de\/fr\/Drittmittelprojekte\/saisir-leurope\/","title":{"rendered":"Saisir l&rsquo;Europe"},"content":{"rendered":"<section class=\"header-section\">\n    <h1 class=\"block-headline\">Saisir l&#039;Europe<\/h1>\n\n<\/section>\n\n\n\t<section class=\"subheadline_section\">\n\t    <h2 class=\"block-subheadline\">Saisir l&#039;Europe \u2013 Europa als Herausforderung<\/h2>\n\t<\/section>\n\n\n\n<section class=\"one-box-text-section\">\n    \n    <div class=\"box-container cut\">\n                    <div class=\"text-box\">\n                <div class=\"mt-5 mb-2\">\n<p><strong>Projektleitung:\u00a0<\/strong>Gabriel Metzler (HU), Michael Werner (CIERA), Daniel Sch\u00f6npflug (CMB)<\/p>\n<p>Sprecher: Prof. Dr. Gabriele Metzler (HU Berlin), Prof. Dr. Michael Werner (CIERA Paris)<\/p>\n<p>Verbund-Koordination: Nathalie Faure (CIERA Paris), Priv.-Doz. Dr. Daniel Sch\u00f6npflug (CMB)<\/p>\n<p>&nbsp;<\/p>\n<\/div>\n<div>\n<p><a href=\"http:\/\/www.saisirleurope.eu\/de\">http:\/\/www.saisirleurope.eu\/de\u00a0<\/a><\/p>\n<p>&nbsp;<\/p>\n<p>Unter dem Eindruck anhaltender politischer und wirtschaftlicher Krisenph\u00e4nomene hat sich das Centre Marc Bloch mit sechs weiteren, deutschen und franz\u00f6sischen Einrichtungen zu einem Netzwerk zusammengeschlossen, um Europa und seine Gesellschaften neu zu \u00fcberdenken: nicht als etwas Gegebenes, sondern als eine Herausforderung f\u00fcr die Politik, f\u00fcr die Gesellschaften, aber auch f\u00fcr die Geistes- und Sozialwissenschaften.<\/p>\n<p>&nbsp;<\/p>\n<\/div>\n<div>\n<p>Zu dem Forschungsverbund geh\u00f6ren neben dem Centre Marc Bloch die\u00a0<a title=\"https:\/\/www.hu-berlin.de\/\" href=\"https:\/\/www.hu-berlin.de\/\" target=\"_blank\" rel=\"noopener noreferrer\">Humboldt-Universit\u00e4t zu Berlin<\/a>, die\u00a0<a title=\"http:\/\/www.uni-frankfurt.de\/de?locale=de\" href=\"http:\/\/www.uni-frankfurt.de\/de?locale=de\" target=\"_blank\" rel=\"noopener noreferrer\">Goethe-Universit\u00e4t Frankfurt<\/a>, das\u00a0<a title=\"http:\/\/www.ifha.fr\/de\" href=\"http:\/\/www.ifha.fr\/de\" target=\"_blank\" rel=\"noopener noreferrer\">Institut fran\u00e7ais d\u2019histoire en Allemagne<\/a>\u00a0in Frankfurt, das\u00a0<a title=\"http:\/\/www.dhi-paris.fr\/de\/home.html\" href=\"http:\/\/www.dhi-paris.fr\/de\/home.html\" target=\"_blank\" rel=\"noopener noreferrer\">Deutsche Historische Institut in Paris<\/a>, das\u00a0<a title=\"http:\/\/www.ciera.fr\/ciera\/\" href=\"http:\/\/www.ciera.fr\/ciera\/\" target=\"_blank\" rel=\"noopener noreferrer\">Centre interdisciplinaire d\u2019\u00e9tudes et de recherches sur l\u2019Allemagne (CIERA)<\/a>\u00a0mit seinen Mitgliedsuniversit\u00e4ten und die<a title=\"http:\/\/www.fmsh.fr\/\" href=\"http:\/\/www.fmsh.fr\/\" target=\"_blank\" rel=\"noopener noreferrer\">\u00a0Fondation de la Maison des Sciences de l\u2019Homme<\/a>. Zu den SprecherInnen des Projektes hat das Leitungsgremium des Verbundes auf deutscher Seite die Historikerin Prof. Dr. Gabriele Metzler der Humboldt-Universit\u00e4t zu Berlin und auf franz\u00f6sischer Seite den Historiker Prof. Dr. Michael Werner, ehemaliger Leiter des CIERA, gew\u00e4hlt.<\/p>\n<p>&nbsp;<\/p>\n<p>Der Forschungsverbund soll eine Basis f\u00fcr kooperative deutsch-franz\u00f6sische und europ\u00e4ische Forschungsprojekte in den Geistes- und Sozialwissenschaften sein. In der ersten F\u00f6rderperiode von 2012\u20132017 werden drei Teilprojekte in interdisziplin\u00e4rer und internationaler Zusammenarbeit durchgef\u00fchrt:<\/p>\n<p>&nbsp;<\/p>\n<p>Das\u00a0<a title=\"http:\/\/www.saisirleurope.eu\/de\/teilprojekte\/sozialstaat\" href=\"http:\/\/www.saisirleurope.eu\/de\/teilprojekte\/sozialstaat\" target=\"_blank\" rel=\"noopener noreferrer\">Teilprojekt I<\/a>\u00a0widmet sich dem europ\u00e4ischen Sozialstaat, angesichts \u00f6konomischer und politischer Krisen. Insbesondere die Kollision von Um- und Abbauma\u00dfnahmen in sozialen Systemen \u201evon oben\u201c mit dem Erleben und Verarbeiten \u201evon unten\u201c steht im Mittelpunkt des Interesses.<\/p>\n<p>&nbsp;<\/p>\n<p>Das\u00a0<a title=\"http:\/\/www.saisirleurope.eu\/de\/teilprojekte\/nachhaltigkeit\" href=\"http:\/\/www.saisirleurope.eu\/de\/teilprojekte\/nachhaltigkeit\" target=\"_blank\" rel=\"noopener noreferrer\">Teilprojekt II<\/a>\u00a0forscht \u00fcber Konzepte und Praktiken der nachhaltigen Entwicklung, die sich nicht allein auf den \u00f6kologischen Aspekt und auf einen allgemein anerkannten Katalog von Ma\u00dfnahmen im Sinne des Umweltschutzes beschr\u00e4nken, sondern sich auch auf \u00f6konomische und soziale Zusammenh\u00e4nge erstrecken.<\/p>\n<p>&nbsp;<\/p>\n<p>Das\u00a0<a title=\"http:\/\/www.saisirleurope.eu\/de\/teilprojekte\/urbane-gewaltr%C3%A4ume\" href=\"http:\/\/www.saisirleurope.eu\/de\/teilprojekte\/urbane-gewaltr%C3%A4ume\" target=\"_blank\" rel=\"noopener noreferrer\">Teilprojekt III<\/a>\u00a0nimmt aktuelle Gewaltprobleme europ\u00e4ischer Gro\u00dfst\u00e4dte zum Anlass, sich mit der Konstruktion und Dekonstruktion von Gewaltr\u00e4umen durch Politik, Polizei, lokale Akteure und Medien in Vergangenheit und Gegenwart zu befassen.<\/p>\n<p>&nbsp;<\/p>\n<p>Jedes Teilprojekt hat einen Blog, der zur Kommunikation interner wie auch externer, f\u00fcr das Teilprojekt relevanter Termine und Veranstaltungen genutzt wird. Des Weiteren soll der Blog als Plattform zur Ver\u00f6ffentlichung von Artikeln und Beitr\u00e4gen der Mitglieder dienen und die inhaltiche Entwicklung der Gruppenarbeit dokumentieren und Grundlagen f\u00fcr Diskussionen schaffen. Die Blogs sind unter folgenden Links zu erreichen:\u00a0<a title=\"http:\/\/etatsocial.hypotheses.org\/\" href=\"http:\/\/etatsocial.hypotheses.org\/\" target=\"_blank\" rel=\"noopener noreferrer\">Sozialstaat<\/a>,\u00a0<a title=\"http:\/\/nachhaltig.hypotheses.org\/\" href=\"http:\/\/nachhaltig.hypotheses.org\/\" target=\"_blank\" rel=\"noopener noreferrer\">Nachhaltigkeit<\/a><a title=\"http:\/\/nachhaltig.hypotheses.org\/\" href=\"http:\/\/nachhaltig.hypotheses.org\/\" target=\"_blank\" rel=\"noopener noreferrer\">,\u00a0<\/a><a title=\"http:\/\/gewalt.hypotheses.org\/\" href=\"http:\/\/gewalt.hypotheses.org\/\" target=\"_blank\" rel=\"noopener noreferrer\">Urbane Gewaltr\u00e4ume<\/a>.<\/p>\n<p>&nbsp;<\/p>\n<p>Ein wesentliches Ziel des Forschungsnetzwerkes besteht in der gemeinsamen Nachwuchsf\u00f6rderung. Aus diesem Grund werden im Rahmen der drei Teilprojekte Forschungsstellen f\u00fcr insgesamt sechs PostdoktorandInnen und zw\u00f6lf DoktorandInnen geschaffen. Die jungen ForscherInnen profitieren von einer vereinfachten Mobilit\u00e4t zwischen den beteiligten Institutionen.<\/p>\n<p>&nbsp;<\/p>\n<h2>Kontakt<\/h2>\n<p>Dorothee Mertz<br \/>\nProjektkoordinatorin<br \/>\nCentre Marc Bloch<br \/>\n<a>mertz@cmb.hu-berlin.de<\/a><br \/>\nTel: 030 20 93-70 712<\/p>\n<p>&nbsp;<\/p>\n<p>Miriam Schriefers<br \/>\nDeutsches Zentrum f\u00fcr Luft- und Raumfahrt e.V. (DLR)<br \/>\nDLR Projekttr\u00e4ger<br \/>\nGesellschaft, Innovation und Technologie\u2502Geistes- und Sozialwissenschaften<br \/>\nHeinrich-Konen-Stra\u00dfe 1<br \/>\n53227 Bonn<br \/>\nTel.: +49 (0) 228 3821 &#8211; 1521<br \/>\nmiriam.schriefers@dlr.de<br \/>\n<a href=\"http:\/\/www.pt-dlr.de\/\" target=\"_blank\" rel=\"noopener noreferrer\">www.pt-dlr.de<\/a><\/p>\n<p>&nbsp;<\/p>\n<\/div>\n            <\/div>\n              \n    <\/div>\n<\/section>","protected":false},"excerpt":{"rendered":"","protected":false},"featured_media":0,"template":"","meta":{"_acf_changed":true},"categories":[187,185],"class_list":["post-22873","dm_projekte","type-dm_projekte","status-publish","hentry","category-ehemalige-drittmittelprojekte","category-nationale-mittel"],"acf":[],"_links":{"self":[{"href":"https:\/\/cmb.hu-berlin.de\/fr\/wp-json\/wp\/v2\/dm_projekte\/22873","targetHints":{"allow":["GET"]}}],"collection":[{"href":"https:\/\/cmb.hu-berlin.de\/fr\/wp-json\/wp\/v2\/dm_projekte"}],"about":[{"href":"https:\/\/cmb.hu-berlin.de\/fr\/wp-json\/wp\/v2\/types\/dm_projekte"}],"wp:attachment":[{"href":"https:\/\/cmb.hu-berlin.de\/fr\/wp-json\/wp\/v2\/media?parent=22873"}],"wp:term":[{"taxonomy":"category","embeddable":true,"href":"https:\/\/cmb.hu-berlin.de\/fr\/wp-json\/wp\/v2\/categories?post=22873"}],"curies":[{"name":"wp","href":"https:\/\/api.w.org\/{rel}","templated":true}]}}

<section class="header-section">
    <h1 class="block-headline">Saisir l&#039;Europe</h1>

</section>


	<section class="subheadline_section">
	    <h2 class="block-subheadline">Saisir l&#039;Europe – Europa als Herausforderung</h2>
	</section>



<section class="one-box-text-section">
    
    <div class="box-container cut">
                    <div class="text-box">
                <div class="mt-5 mb-2">
<p><strong>Projektleitung: </strong>Gabriel Metzler (HU), Michael Werner (CIERA), Daniel Schönpflug (CMB)</p>
<p>Sprecher: Prof. Dr. Gabriele Metzler (HU Berlin), Prof. Dr. Michael Werner (CIERA Paris)</p>
<p>Verbund-Koordination: Nathalie Faure (CIERA Paris), Priv.-Doz. Dr. Daniel Schönpflug (CMB)</p>
<p>&nbsp;</p>
</div>
<div>
<p><a href="http://www.saisirleurope.eu/de">http://www.saisirleurope.eu/de </a></p>
<p>&nbsp;</p>
<p>Unter dem Eindruck anhaltender politischer und wirtschaftlicher Krisenphänomene hat sich das Centre Marc Bloch mit sechs weiteren, deutschen und französischen Einrichtungen zu einem Netzwerk zusammengeschlossen, um Europa und seine Gesellschaften neu zu überdenken: nicht als etwas Gegebenes, sondern als eine Herausforderung für die Politik, für die Gesellschaften, aber auch für die Geistes- und Sozialwissenschaften.</p>
<p>&nbsp;</p>
</div>
<div>
<p>Zu dem Forschungsverbund gehören neben dem Centre Marc Bloch die <a title="https://www.hu-berlin.de/" href="https://www.hu-berlin.de/" target="_blank" rel="noopener noreferrer">Humboldt-Universität zu Berlin</a>, die <a title="http://www.uni-frankfurt.de/de?locale=de" href="http://www.uni-frankfurt.de/de?locale=de" target="_blank" rel="noopener noreferrer">Goethe-Universität Frankfurt</a>, das <a title="http://www.ifha.fr/de" href="http://www.ifha.fr/de" target="_blank" rel="noopener noreferrer">Institut français d’histoire en Allemagne</a> in Frankfurt, das <a title="http://www.dhi-paris.fr/de/home.html" href="http://www.dhi-paris.fr/de/home.html" target="_blank" rel="noopener noreferrer">Deutsche Historische Institut in Paris</a>, das <a title="http://www.ciera.fr/ciera/" href="http://www.ciera.fr/ciera/" target="_blank" rel="noopener noreferrer">Centre interdisciplinaire d’études et de recherches sur l’Allemagne (CIERA)</a> mit seinen Mitgliedsuniversitäten und die<a title="http://www.fmsh.fr/" href="http://www.fmsh.fr/" target="_blank" rel="noopener noreferrer"> Fondation de la Maison des Sciences de l’Homme</a>. Zu den SprecherInnen des Projektes hat das Leitungsgremium des Verbundes auf deutscher Seite die Historikerin Prof. Dr. Gabriele Metzler der Humboldt-Universität zu Berlin und auf französischer Seite den Historiker Prof. Dr. Michael Werner, ehemaliger Leiter des CIERA, gewählt.</p>
<p>&nbsp;</p>
<p>Der Forschungsverbund soll eine Basis für kooperative deutsch-französische und europäische Forschungsprojekte in den Geistes- und Sozialwissenschaften sein. In der ersten Förderperiode von 2012–2017 werden drei Teilprojekte in interdisziplinärer und internationaler Zusammenarbeit durchgeführt:</p>
<p>&nbsp;</p>
<p>Das <a title="http://www.saisirleurope.eu/de/teilprojekte/sozialstaat" href="http://www.saisirleurope.eu/de/teilprojekte/sozialstaat" target="_blank" rel="noopener noreferrer">Teilprojekt I</a> widmet sich dem europäischen Sozialstaat, angesichts ökonomischer und politischer Krisen. Insbesondere die Kollision von Um- und Abbaumaßnahmen in sozialen Systemen „von oben“ mit dem Erleben und Verarbeiten „von unten“ steht im Mittelpunkt des Interesses.</p>
<p>&nbsp;</p>
<p>Das <a title="http://www.saisirleurope.eu/de/teilprojekte/nachhaltigkeit" href="http://www.saisirleurope.eu/de/teilprojekte/nachhaltigkeit" target="_blank" rel="noopener noreferrer">Teilprojekt II</a> forscht über Konzepte und Praktiken der nachhaltigen Entwicklung, die sich nicht allein auf den ökologischen Aspekt und auf einen allgemein anerkannten Katalog von Maßnahmen im Sinne des Umweltschutzes beschränken, sondern sich auch auf ökonomische und soziale Zusammenhänge erstrecken.</p>
<p>&nbsp;</p>
<p>Das <a title="http://www.saisirleurope.eu/de/teilprojekte/urbane-gewaltr%C3%A4ume" href="http://www.saisirleurope.eu/de/teilprojekte/urbane-gewaltr%C3%A4ume" target="_blank" rel="noopener noreferrer">Teilprojekt III</a> nimmt aktuelle Gewaltprobleme europäischer Großstädte zum Anlass, sich mit der Konstruktion und Dekonstruktion von Gewalträumen durch Politik, Polizei, lokale Akteure und Medien in Vergangenheit und Gegenwart zu befassen.</p>
<p>&nbsp;</p>
<p>Jedes Teilprojekt hat einen Blog, der zur Kommunikation interner wie auch externer, für das Teilprojekt relevanter Termine und Veranstaltungen genutzt wird. Des Weiteren soll der Blog als Plattform zur Veröffentlichung von Artikeln und Beiträgen der Mitglieder dienen und die inhaltiche Entwicklung der Gruppenarbeit dokumentieren und Grundlagen für Diskussionen schaffen. Die Blogs sind unter folgenden Links zu erreichen: <a title="http://etatsocial.hypotheses.org/" href="http://etatsocial.hypotheses.org/" target="_blank" rel="noopener noreferrer">Sozialstaat</a>, <a title="http://nachhaltig.hypotheses.org/" href="http://nachhaltig.hypotheses.org/" target="_blank" rel="noopener noreferrer">Nachhaltigkeit</a><a title="http://nachhaltig.hypotheses.org/" href="http://nachhaltig.hypotheses.org/" target="_blank" rel="noopener noreferrer">, </a><a title="http://gewalt.hypotheses.org/" href="http://gewalt.hypotheses.org/" target="_blank" rel="noopener noreferrer">Urbane Gewalträume</a>.</p>
<p>&nbsp;</p>
<p>Ein wesentliches Ziel des Forschungsnetzwerkes besteht in der gemeinsamen Nachwuchsförderung. Aus diesem Grund werden im Rahmen der drei Teilprojekte Forschungsstellen für insgesamt sechs PostdoktorandInnen und zwölf DoktorandInnen geschaffen. Die jungen ForscherInnen profitieren von einer vereinfachten Mobilität zwischen den beteiligten Institutionen.</p>
<p>&nbsp;</p>
<h2>Kontakt</h2>
<p>Dorothee Mertz<br />
Projektkoordinatorin<br />
Centre Marc Bloch<br />
<a>mertz@cmb.hu-berlin.de</a><br />
Tel: 030 20 93-70 712</p>
<p>&nbsp;</p>
<p>Miriam Schriefers<br />
Deutsches Zentrum für Luft- und Raumfahrt e.V. (DLR)<br />
DLR Projektträger<br />
Gesellschaft, Innovation und Technologie│Geistes- und Sozialwissenschaften<br />
Heinrich-Konen-Straße 1<br />
53227 Bonn<br />
Tel.: +49 (0) 228 3821 &#8211; 1521<br />
miriam.schriefers@dlr.de<br />
<a href="http://www.pt-dlr.de/" target="_blank" rel="noopener noreferrer">www.pt-dlr.de</a></p>
<p>&nbsp;</p>
</div>
            </div>
              
    </div>
</section>
