{"id":22877,"date":"2025-08-04T16:00:42","date_gmt":"2025-08-04T14:00:42","guid":{"rendered":"https:\/\/cmb.hu-berlin.de\/Drittmittelprojekte\/choix-sous-contraintes\/"},"modified":"2025-08-04T16:00:42","modified_gmt":"2025-08-04T14:00:42","slug":"choix-sous-contraintes","status":"publish","type":"dm_projekte","link":"https:\/\/cmb.hu-berlin.de\/fr\/Drittmittelprojekte\/choix-sous-contraintes\/","title":{"rendered":"Choix sous contraintes"},"content":{"rendered":"<section class=\"header-section\">\n    <h1 class=\"block-headline\">Normativit\u00e9 et choix sous contraintes<\/h1>\n\n<\/section>\n\n\n\t<section class=\"subheadline_section\">\n\t    <h2 class=\"block-subheadline\">Analyse historique des t\u00e9moignages de m\u00e9decins sur les strat\u00e9gies de survie en d\u00e9portation.<\/h2>\n\t<\/section>\n\n\n\n<section class=\"one-box-text-section\">\n    \n    <div class=\"box-container full\">\n                    <div class=\"text-box\">\n                <div class=\"mt-5 mb-2\">\n<p><strong>Projektleitung:<\/strong> Emmanuel Delille und Sonia Combe<br \/>\n<strong>Partner:<\/strong> Centre Marc Bloch (CMB, Berlin)\/Fondation pour la M\u00e9moire de la Shoah (FMS, Paris)\/Johannes Gutenberg University (Mainz, Germany)<br \/>\n<strong>Laufzeit:<\/strong> ???<\/p>\n<p>&nbsp;<\/p>\n<p>Die Frage nach den Handlungsm\u00f6glichkeiten in Situationen \u00e4u\u00dfersten Zwangs wurde bislang vor allem von der Literatur behandelt, etwa in dem Roman \u201eSophies choice\u201c des amerikanischen Schriftstellers William Styron (1979) und seiner Verfilmung im Hollywood-Stil durch Alan Pakula (1982) \u2013 beides mit gro\u00dfem kommerziellem Erfolg.<\/p>\n<p>&nbsp;<\/p>\n<\/div>\n<div>\n<p>Sie durchzieht aber auch die Erinnerungsliteratur zum Nationalsozialismus, angefangen mit David Roussetts\u00a0<em>Les jours de notre mort<\/em>\u00a0(1946) bis hin zu den verschiedenen Schriften Primo Levis. F\u00fcr die Rolle der Judenr\u00e4te ist sie von grundlegender Bedeutung und befindet sich dementsprechend im Mittelpunkt der \u00dcberlegungen, die Benjamin Murmelstein in Claude Lanzmanns Film \u201eLe dernier des injustes\u201c (2013) \u00fcber seine Funktion als Juden\u00e4ltester im Ghetto Theresienstadt anstellt.<\/p>\n<p>&nbsp;<\/p>\n<p>Vor kurzem haben zwei wissenschaftliche Ver\u00f6ffentlichungen das Thema aus unterschiedlichen, sich wechselseitig erg\u00e4nzenden Perspektiven behandelt:<\/p>\n<p>&nbsp;<\/p>\n<ul>\n<li>Sonia Combe, <em>Une vie contre une autre. Echange de victimes et modalit\u00e9s de survie dans le camp de Buchenwald<\/em>\u00a0(Fayard, 2014).<\/li>\n<li>Fr\u00e9d\u00e9rique Leichter-Flack, <em>Qui vivra qui mourra. Quand on ne peut pas sauver tout le monde\u00a0<\/em>(Albin Michel, 2015).<\/li>\n<\/ul>\n<p>&nbsp;<\/p>\n<p>Geplant ist eine Veranstaltungsreihe, bei denen das Problem der \u201eZwangsentscheidungen\u201c zun\u00e4chst in verschiedenen historischen Kontexten untersucht werden soll, um anschlie\u00dfend die M\u00f6glichkeit einer \u201eWiederaneignung\u201c des Themas und seiner Bedeutung f\u00fcr die Herausbildung eines moralischen Gewissens in den Generationen der Nachgeborenen zu diskutieren.<\/p>\n<p>&nbsp;<\/p>\n<\/div>\n<div>\n<p><strong>Sitzungen am Centre Marc Bloch:<\/strong><\/p>\n<p>14. Mai 2020,\u00a0<a href=\"https:\/\/cmb.hu-berlin.de\/kalender\/termin\/sonia-combe-emmanuel-delille-choix-sous-contraintes\/\" target=\"_blank\" rel=\"noopener\">Tagung \u00ab\u00a0Choix sous contraintes\u00a0\u00bb unter der Leitung von Sonia Combe und Emmanuel Delille.<\/a><\/p>\n<p>18. M\u00e4rz 2016, Er\u00f6ffnungssitzung auf Einladung von Sonia Combe, Catherine Gousseff und Susanne Beer.<\/p>\n<p>24. Juni 2016, Gastreferentin\u00a0: Fr\u00e9d\u00e9rique Leichter-Flak. Im Anschluss an das Seminar wurde der Film\u00a0<em>Le dernier des injustes\u00a0<\/em>(Claude Lanzmann, 2013) gezeigt.<\/p>\n<p>3. November 2016, Gastreferent: Philippe Mesnard, Autor des Buchs:\u00a0<em>Primo Levi. Le passage d\u2019un t\u00e9moin<\/em>, Fayard, 2012.<\/p>\n<p>2. M\u00e4rz 2017, Gastreferent: Jean-Charles Szurek, \u00dcbersetzer von Adam Czrniakow,\u00a0<em>Carnets du ghetto de Varsovie<\/em>, La D\u00e9couverte, 2003.<\/p>\n<p>16. Juni 2017, Gastreferent: Jean-Michel Chaumont, Autor des Buchs:<em>\u00a0Die Konkurrenz der Opfer. Genozid, Identit\u00e4t und Anerkennung,\u00a0<\/em>zu Klampen! Verlag, 2001.<\/p>\n<p>07. Dezember 2017, Nicolas Bertrand ; Centre Georges Chevrier (Universit\u00e9 de Bourgogne)\/M\u00e9morial du camp de concentration de Langenstein-Zwieberge (Saxe-Anhalt) L&rsquo;enfer r\u00e9glement\u00e9 (Perrin, 2015) ;\u00a0<em>L&rsquo;ordre de la violence : Le r\u00e9gime de d\u00e9tention dans les camps de concentration nationaux-socialistes<\/em><\/p>\n<p>19. Februar 2018, Sila Cehreli ; Marmara University,\u00a0<em>Les Arbeitsjuden des centres de mise \u00e0 mort : un premier bilan sur les sources, l\u2019historiographie et les d\u00e9bats historiques<\/em><\/p>\n<p>13. M\u00e4rz 2018, Guillaume Mouralis ; CNRS\/CMB,\u00a0\u00a0<em>Juger sous contrainte. R\u00e9flexions sur la gen\u00e8se am\u00e9ricaine du proc\u00e8s de Nuremberg<\/em><\/p>\n<p>27. Juni 2018, Peter Kuon,\u00a0Universit\u00e4t\u00a0Salzburg,\u00a0<em>T\u00e9moignages concentrationnaires et \u00e9critures des choix extr\u00eame<\/em><\/p>\n<p>4. Novembre 2018, Morgane Sedoud ; Universit\u00e9 Paris 8 et FMS,\u00a0<em>Choix sous contrainte dans le parcours d&rsquo;Erling Hansen, m\u00e9decin d\u00e9port\u00e9<\/em><\/p>\n<p>11. Januar 2019, Anna H\u00e1jkov\u00e1 ; University of Warwick,\u00a0<em>Wahl und Ohnmacht: Entscheidungen der Theresienst\u00e4dter H\u00e4ftlinge bei Transporten in den Osten<\/em><\/p>\n<p>11. Juni 2019, Philippe Despoix : Universit\u00e9 de Montr\u00e9al,\u00a0<em>Chanter, rire et r\u00e9sister \u00e0 Ravensbr\u00fcck.<\/em><\/p>\n<p>&nbsp;<\/p>\n<\/div>\n            <\/div>\n              \n    <\/div>\n<\/section>","protected":false},"excerpt":{"rendered":"","protected":false},"featured_media":0,"template":"","meta":{"_acf_changed":true},"categories":[187,185],"class_list":["post-22877","dm_projekte","type-dm_projekte","status-publish","hentry","category-ehemalige-drittmittelprojekte","category-nationale-mittel"],"acf":[],"_links":{"self":[{"href":"https:\/\/cmb.hu-berlin.de\/fr\/wp-json\/wp\/v2\/dm_projekte\/22877","targetHints":{"allow":["GET"]}}],"collection":[{"href":"https:\/\/cmb.hu-berlin.de\/fr\/wp-json\/wp\/v2\/dm_projekte"}],"about":[{"href":"https:\/\/cmb.hu-berlin.de\/fr\/wp-json\/wp\/v2\/types\/dm_projekte"}],"wp:attachment":[{"href":"https:\/\/cmb.hu-berlin.de\/fr\/wp-json\/wp\/v2\/media?parent=22877"}],"wp:term":[{"taxonomy":"category","embeddable":true,"href":"https:\/\/cmb.hu-berlin.de\/fr\/wp-json\/wp\/v2\/categories?post=22877"}],"curies":[{"name":"wp","href":"https:\/\/api.w.org\/{rel}","templated":true}]}}

<section class="header-section">
    <h1 class="block-headline">Normativité et choix sous contraintes</h1>

</section>


	<section class="subheadline_section">
	    <h2 class="block-subheadline">Analyse historique des témoignages de médecins sur les stratégies de survie en déportation.</h2>
	</section>



<section class="one-box-text-section">
    
    <div class="box-container full">
                    <div class="text-box">
                <div class="mt-5 mb-2">
<p><strong>Projektleitung:</strong> Emmanuel Delille und Sonia Combe<br />
<strong>Partner:</strong> Centre Marc Bloch (CMB, Berlin)/Fondation pour la Mémoire de la Shoah (FMS, Paris)/Johannes Gutenberg University (Mainz, Germany)<br />
<strong>Laufzeit:</strong> ???</p>
<p>&nbsp;</p>
<p>Die Frage nach den Handlungsmöglichkeiten in Situationen äußersten Zwangs wurde bislang vor allem von der Literatur behandelt, etwa in dem Roman „Sophies choice“ des amerikanischen Schriftstellers William Styron (1979) und seiner Verfilmung im Hollywood-Stil durch Alan Pakula (1982) – beides mit großem kommerziellem Erfolg.</p>
<p>&nbsp;</p>
</div>
<div>
<p>Sie durchzieht aber auch die Erinnerungsliteratur zum Nationalsozialismus, angefangen mit David Roussetts <em>Les jours de notre mort</em> (1946) bis hin zu den verschiedenen Schriften Primo Levis. Für die Rolle der Judenräte ist sie von grundlegender Bedeutung und befindet sich dementsprechend im Mittelpunkt der Überlegungen, die Benjamin Murmelstein in Claude Lanzmanns Film „Le dernier des injustes“ (2013) über seine Funktion als Judenältester im Ghetto Theresienstadt anstellt.</p>
<p>&nbsp;</p>
<p>Vor kurzem haben zwei wissenschaftliche Veröffentlichungen das Thema aus unterschiedlichen, sich wechselseitig ergänzenden Perspektiven behandelt:</p>
<p>&nbsp;</p>
<ul>
<li>Sonia Combe, <em>Une vie contre une autre. Echange de victimes et modalités de survie dans le camp de Buchenwald</em> (Fayard, 2014).</li>
<li>Frédérique Leichter-Flack, <em>Qui vivra qui mourra. Quand on ne peut pas sauver tout le monde </em>(Albin Michel, 2015).</li>
</ul>
<p>&nbsp;</p>
<p>Geplant ist eine Veranstaltungsreihe, bei denen das Problem der „Zwangsentscheidungen“ zunächst in verschiedenen historischen Kontexten untersucht werden soll, um anschließend die Möglichkeit einer „Wiederaneignung“ des Themas und seiner Bedeutung für die Herausbildung eines moralischen Gewissens in den Generationen der Nachgeborenen zu diskutieren.</p>
<p>&nbsp;</p>
</div>
<div>
<p><strong>Sitzungen am Centre Marc Bloch:</strong></p>
<p>14. Mai 2020, <a href="https://cmb.hu-berlin.de/kalender/termin/sonia-combe-emmanuel-delille-choix-sous-contraintes/" target="_blank" rel="noopener">Tagung « Choix sous contraintes » unter der Leitung von Sonia Combe und Emmanuel Delille.</a></p>
<p>18. März 2016, Eröffnungssitzung auf Einladung von Sonia Combe, Catherine Gousseff und Susanne Beer.</p>
<p>24. Juni 2016, Gastreferentin : Frédérique Leichter-Flak. Im Anschluss an das Seminar wurde der Film <em>Le dernier des injustes </em>(Claude Lanzmann, 2013) gezeigt.</p>
<p>3. November 2016, Gastreferent: Philippe Mesnard, Autor des Buchs: <em>Primo Levi. Le passage d’un témoin</em>, Fayard, 2012.</p>
<p>2. März 2017, Gastreferent: Jean-Charles Szurek, Übersetzer von Adam Czrniakow, <em>Carnets du ghetto de Varsovie</em>, La Découverte, 2003.</p>
<p>16. Juni 2017, Gastreferent: Jean-Michel Chaumont, Autor des Buchs:<em> Die Konkurrenz der Opfer. Genozid, Identität und Anerkennung, </em>zu Klampen! Verlag, 2001.</p>
<p>07. Dezember 2017, Nicolas Bertrand ; Centre Georges Chevrier (Université de Bourgogne)/Mémorial du camp de concentration de Langenstein-Zwieberge (Saxe-Anhalt) L&rsquo;enfer réglementé (Perrin, 2015) ; <em>L&rsquo;ordre de la violence : Le régime de détention dans les camps de concentration nationaux-socialistes</em></p>
<p>19. Februar 2018, Sila Cehreli ; Marmara University, <em>Les Arbeitsjuden des centres de mise à mort : un premier bilan sur les sources, l’historiographie et les débats historiques</em></p>
<p>13. März 2018, Guillaume Mouralis ; CNRS/CMB,  <em>Juger sous contrainte. Réflexions sur la genèse américaine du procès de Nuremberg</em></p>
<p>27. Juni 2018, Peter Kuon, Universität Salzburg, <em>Témoignages concentrationnaires et écritures des choix extrême</em></p>
<p>4. Novembre 2018, Morgane Sedoud ; Université Paris 8 et FMS, <em>Choix sous contrainte dans le parcours d&rsquo;Erling Hansen, médecin déporté</em></p>
<p>11. Januar 2019, Anna Hájková ; University of Warwick, <em>Wahl und Ohnmacht: Entscheidungen der Theresienstädter Häftlinge bei Transporten in den Osten</em></p>
<p>11. Juni 2019, Philippe Despoix : Université de Montréal, <em>Chanter, rire et résister à Ravensbrück.</em></p>
<p>&nbsp;</p>
</div>
            </div>
              
    </div>
</section>
