{"id":22912,"date":"2025-08-04T12:25:48","date_gmt":"2025-08-04T10:25:48","guid":{"rendered":"https:\/\/cmb.hu-berlin.de\/Drittmittelprojekte\/paradoxa-der-emanzipation\/"},"modified":"2025-08-04T12:25:48","modified_gmt":"2025-08-04T10:25:48","slug":"paradoxa-der-emanzipation","status":"publish","type":"dm_projekte","link":"https:\/\/cmb.hu-berlin.de\/fr\/Drittmittelprojekte\/paradoxa-der-emanzipation\/","title":{"rendered":"Paradoxa der Emanzipation"},"content":{"rendered":"<section class=\"header-section\">\n    <h1 class=\"block-headline\">Paradoxa der Emanzipation<\/h1>\n\n<\/section>\n\n\n\n<section class=\"one-box-text-section\">\n    \n    <div class=\"box-container full\">\n                    <div class=\"text-box\">\n                <p><strong>Projektleitung:<\/strong> Bernardo Bianchi, Oliver Precht<br \/>\n<strong>F\u00f6rdermittelgeber:<\/strong> Alexander von Humboldt-Stiftung (AvH)<br \/>\n<strong>Partner:<\/strong> Universidade de S\u00e3o Paulo (USP), Centre Marc Bloch (CMB)<br \/>\n<strong>Laufzeit:<\/strong> 2022 \u2013 2025<\/p>\n<p>&nbsp;<\/p>\n<div class=\"mt-5 mb-2\">\n<p>Ausgehend von einer interdisziplin\u00e4ren Analyse der gegenw\u00e4rtigen Krise der brasilianischen Demokratie und Gesellschaftsstruktur besch\u00e4ftigt sich die AvH-Institutspartnerschaft mit den \u00bbParadoxa der Emanzipation\u00ab. Anhand dieses Fallbeispiels zeigt sich, dass das komplexe Verh\u00e4ltnis zwischen Demokratie und Wissen nicht das sehr viel eindeutigere Verh\u00e4ltnis zwischen Autoritarismus und Fake News spiegelt. W\u00e4hrend der Diskurs der radikalen Rechten auf einer bewussten Ablehnung einer wissensbasierten geteilten \u00d6ffentlichkeit basiert, kann sich die Verteidigung demokratischer Strukturen nicht auf eine blo\u00dfe Affirmation der Unterscheidung zwsichen Wissen und Nicht-Wissen berufen. Denn gerade diese Unterscheidung produziert Ausschl\u00fcsse und Hierarchien, die den N\u00e4hrboden f\u00fcr postfaktische Diskurse abgeben.<\/p>\n<p>&nbsp;<\/p>\n<\/div>\n<div>\n<p>Ausgehend von einer interdisziplin\u00e4ren Analyse der gegenw\u00e4rtigen Krise der brasilianischen Demokratie und Gesellschaftsstruktur besch\u00e4ftigt sich die AvH-Institutspartnerschaft mit den \u00bbParadoxa der Emanzipation\u00ab. Anhand dieses Fallbeispiels zeigt sich, dass das komplexe Verh\u00e4ltnis zwischen Demokratie und Wissen nicht das sehr viel eindeutigere Verh\u00e4ltnis zwischen Autoritarismus und\u00a0<em>Fake News<\/em>\u00a0spiegelt. W\u00e4hrend der Diskurs der radikalen Rechten auf einer bewussten Ablehnung einer wissensbasierten geteilten \u00d6ffentlichkeit basiert, kann sich die Verteidigung demokratischer Strukturen nicht auf eine blo\u00dfe Affirmation der Unterscheidung zwischen Wissen und Nicht-Wissen berufen. Denn gerade diese Unterscheidung produziert Ausschl\u00fcsse und Hierarchien, die den N\u00e4hrboden f\u00fcr postfaktische Diskurse abgeben.<\/p>\n<p>&nbsp;<\/p>\n<\/div>\n<div>\n<p>Mitglieder: Jorge Chaloub (UFRJ), Bruna Coelho (CMB), Maria Luiza Cracel (USP), Thiago Dias (USP), Katia Genel (CMB\/Paris 1), Edward Guetti (CMB\/American University), B\u00e9n\u00e9dicte Laumond (CMB\/Universit\u00e9 de Versailles), Benito Maeso (USP\/UFPR), Maria Fernanda Novo (USP), Lu\u00eds C\u00e9sar Oliva (USP), Marianna Poyares (The New School), Homero Santiago (USP), Mariana Simoni (CMB\/FU Berlin), Jefferson Viel (USP\/UFU), Ay\u015fe Yuva (CMB\/Paris 1)<\/p>\n<p>&nbsp;<\/p>\n<p>Am\u00a0<a href=\"https:\/\/cmb.hu-berlin.de\/fileadmin\/cmb_data\/2023_democracia_autoritarismo.pdf\">2. und 3. M\u00e4rz 2023<\/a>\u00a0versammelte sich eine Gruppe von Forschern mit unterschiedlichem akademischem und nationalem Hintergrund an der Universit\u00e4t von S\u00e3o Paulo, um die spezifischen Schwierigkeiten und Paradoxien zu diskutieren, mit denen alle emanzipatorischen Projekte in einer \u00c4ra der \u00ab\u00a0Post-Wahrheit\u00a0\u00bb konfrontiert sind.<\/p>\n<p>&nbsp;<\/p>\n<p><a title=\"impress\" href=\"https:\/\/cmb.hu-berlin.de\/fileadmin\/user_upload\/Impressions._Oliver_Precht.pdf\">Bericht \u00fcber den Workshop in Sao Paulo.<\/a><\/p>\n<p>&nbsp;<\/p>\n<\/div>\n            <\/div>\n              \n    <\/div>\n<\/section>","protected":false},"excerpt":{"rendered":"<p>Cr\u00e9dit photo: Repr\u00e9sentation de la sc\u00e8ne  du film\u00a0\u00bbTerre en transe\u00a0\u00bb, de Glauber Rocha, (Difilm production, 2013) par la Companhia Teatro da Vertigem, 2013, Roberto Rezende, Roberto \u00c1udio, Jo\u00e3o Attuy e Renato Caetano<\/p>\n","protected":false},"featured_media":18384,"template":"","meta":{"_acf_changed":false},"categories":[187,185],"class_list":["post-22912","dm_projekte","type-dm_projekte","status-publish","has-post-thumbnail","hentry","category-ehemalige-drittmittelprojekte","category-nationale-mittel"],"acf":[],"_links":{"self":[{"href":"https:\/\/cmb.hu-berlin.de\/fr\/wp-json\/wp\/v2\/dm_projekte\/22912","targetHints":{"allow":["GET"]}}],"collection":[{"href":"https:\/\/cmb.hu-berlin.de\/fr\/wp-json\/wp\/v2\/dm_projekte"}],"about":[{"href":"https:\/\/cmb.hu-berlin.de\/fr\/wp-json\/wp\/v2\/types\/dm_projekte"}],"wp:featuredmedia":[{"embeddable":true,"href":"https:\/\/cmb.hu-berlin.de\/fr\/wp-json\/wp\/v2\/media\/18384"}],"wp:attachment":[{"href":"https:\/\/cmb.hu-berlin.de\/fr\/wp-json\/wp\/v2\/media?parent=22912"}],"wp:term":[{"taxonomy":"category","embeddable":true,"href":"https:\/\/cmb.hu-berlin.de\/fr\/wp-json\/wp\/v2\/categories?post=22912"}],"curies":[{"name":"wp","href":"https:\/\/api.w.org\/{rel}","templated":true}]}}

<section class="header-section">
    <h1 class="block-headline">Paradoxa der Emanzipation</h1>

</section>



<section class="one-box-text-section">
    
    <div class="box-container full">
                    <div class="text-box">
                <p><strong>Projektleitung:</strong> Bernardo Bianchi, Oliver Precht<br />
<strong>Fördermittelgeber:</strong> Alexander von Humboldt-Stiftung (AvH)<br />
<strong>Partner:</strong> Universidade de São Paulo (USP), Centre Marc Bloch (CMB)<br />
<strong>Laufzeit:</strong> 2022 – 2025</p>
<p>&nbsp;</p>
<div class="mt-5 mb-2">
<p>Ausgehend von einer interdisziplinären Analyse der gegenwärtigen Krise der brasilianischen Demokratie und Gesellschaftsstruktur beschäftigt sich die AvH-Institutspartnerschaft mit den »Paradoxa der Emanzipation«. Anhand dieses Fallbeispiels zeigt sich, dass das komplexe Verhältnis zwischen Demokratie und Wissen nicht das sehr viel eindeutigere Verhältnis zwischen Autoritarismus und Fake News spiegelt. Während der Diskurs der radikalen Rechten auf einer bewussten Ablehnung einer wissensbasierten geteilten Öffentlichkeit basiert, kann sich die Verteidigung demokratischer Strukturen nicht auf eine bloße Affirmation der Unterscheidung zwsichen Wissen und Nicht-Wissen berufen. Denn gerade diese Unterscheidung produziert Ausschlüsse und Hierarchien, die den Nährboden für postfaktische Diskurse abgeben.</p>
<p>&nbsp;</p>
</div>
<div>
<p>Ausgehend von einer interdisziplinären Analyse der gegenwärtigen Krise der brasilianischen Demokratie und Gesellschaftsstruktur beschäftigt sich die AvH-Institutspartnerschaft mit den »Paradoxa der Emanzipation«. Anhand dieses Fallbeispiels zeigt sich, dass das komplexe Verhältnis zwischen Demokratie und Wissen nicht das sehr viel eindeutigere Verhältnis zwischen Autoritarismus und <em>Fake News</em> spiegelt. Während der Diskurs der radikalen Rechten auf einer bewussten Ablehnung einer wissensbasierten geteilten Öffentlichkeit basiert, kann sich die Verteidigung demokratischer Strukturen nicht auf eine bloße Affirmation der Unterscheidung zwischen Wissen und Nicht-Wissen berufen. Denn gerade diese Unterscheidung produziert Ausschlüsse und Hierarchien, die den Nährboden für postfaktische Diskurse abgeben.</p>
<p>&nbsp;</p>
</div>
<div>
<p>Mitglieder: Jorge Chaloub (UFRJ), Bruna Coelho (CMB), Maria Luiza Cracel (USP), Thiago Dias (USP), Katia Genel (CMB/Paris 1), Edward Guetti (CMB/American University), Bénédicte Laumond (CMB/Université de Versailles), Benito Maeso (USP/UFPR), Maria Fernanda Novo (USP), Luís César Oliva (USP), Marianna Poyares (The New School), Homero Santiago (USP), Mariana Simoni (CMB/FU Berlin), Jefferson Viel (USP/UFU), Ayşe Yuva (CMB/Paris 1)</p>
<p>&nbsp;</p>
<p>Am <a href="https://cmb.hu-berlin.de/fileadmin/cmb_data/2023_democracia_autoritarismo.pdf">2. und 3. März 2023</a> versammelte sich eine Gruppe von Forschern mit unterschiedlichem akademischem und nationalem Hintergrund an der Universität von São Paulo, um die spezifischen Schwierigkeiten und Paradoxien zu diskutieren, mit denen alle emanzipatorischen Projekte in einer Ära der « Post-Wahrheit » konfrontiert sind.</p>
<p>&nbsp;</p>
<p><a title="impress" href="https://cmb.hu-berlin.de/fileadmin/user_upload/Impressions._Oliver_Precht.pdf">Bericht über den Workshop in Sao Paulo.</a></p>
<p>&nbsp;</p>
</div>
            </div>
              
    </div>
</section>

<p>Crédit photo: Représentation de la scène  du film »Terre en transe », de Glauber Rocha, (Difilm production, 2013) par la Companhia Teatro da Vertigem, 2013, Roberto Rezende, Roberto Áudio, João Attuy e Renato Caetano</p>
