{"id":19640,"date":"2025-10-09T10:41:02","date_gmt":"2025-10-09T08:41:02","guid":{"rendered":"https:\/\/cmb.hu-berlin.de\/forschungsgruppen\/"},"modified":"2026-08-31T15:05:39","modified_gmt":"2026-08-31T13:05:39","slug":"forschungsgruppen","status":"publish","type":"page","link":"https:\/\/cmb.hu-berlin.de\/fr\/forschungsgruppen\/","title":{"rendered":"Groupes de travail transversaux"},"content":{"rendered":"<section class=\"header-section align wp-block-acf-headline\">\n    <h1 class=\"block-headline\" data-acf-inline-contenteditable=\"1\" data-acf-inline-contenteditable-field-slug=\"headline\" data-acf-placeholder=\"Type to edit...\" >\n        Groupes de travail transversaux    <\/h1>\n<\/section>\n\n<section class=\"one-box-text-section align wp-block-acf-one-box-text-section\">\n            <h3 class=\"section-headline\" data-acf-inline-contenteditable=\"1\" data-acf-inline-contenteditable-field-slug=\"section_headline\" data-acf-placeholder=\"Type to edit...\" >\n            Art et recherche        <\/h3>\n    \n    <div class=\"box-container cut\">\n                    <div class=\"text-box\" data-acf-inline-fields-uid=\"block_7f7bf02121f29ce47d507cafddc25cc1box_1\" data-acf-inline-fields=\"[{&quot;fieldName&quot;:&quot;box_1&quot;,&quot;fieldIcon&quot;:null,&quot;fieldLabel&quot;:&quot;Textbox&quot;,&quot;useExpandedEditor&quot;:false,&quot;popoverMinWidth&quot;:&quot;600px&quot;}]\" role=\"button\" tabindex=\"0\">\n                <div class=\"\">\n<p>Le groupe \u00ab\u00a0Art et recherche\u00a0\u00bb organise des rencontres rassemblant des chercheur\u00b7e\u00b7s du CMB qui travaillent sur des sujets li\u00e9s \u00e0 l\u2019art ou qui sont confront\u00e9\u00b7e\u00b7s \u00e0 des \u0153uvres artistiques, \u00e0 des artistes ou \u00e0 des questions en rapport avec l\u2019art, comme \u00e9l\u00e9ments de leurs enqu\u00eates, dans le but de pouvoir \u00e9changer, questionner, pr\u00e9senter des travaux en cours, envisager des approches ou entamer de nouvelles recherches.<\/p>\n<\/div>\n<p>&nbsp;<\/p>\n<div class=\"\">\n<p>En plus des rencontres r\u00e9guli\u00e8res par Zoom, nous organisons des JE et colloques \u2013 <em class=\"\">Lieux communs: Arts et spatialit\u00e9s<\/em> (Poitiers, 2025), <em>Sound<\/em> (Berlin, 2023 et 2024), etc. \u2013, des publications collaboratives (avec l\u2019Universit\u00e9 Viadrina : <em>Bio-art<\/em>, transcript, 2024,\u00a0<span id=\"OBJ_PREFIX_DWT268_com_zimbra_url\" class=\"Object\" role=\"link\"><a class=\"safe---anchor---wc\" href=\"https:\/\/www.transcript-publishing.com\/978-3-8376-7177-3\/bio-art\/\" target=\"_blank\" rel=\"noopener noreferrer nofollow\">https:\/\/www.transcript-publishing.com\/978-3-8376-7177-3\/bio-art\/<\/a><\/span>\u00a0; ou <em>Sound as Affect, Media, Data<\/em>, \u00e9dit\u00e9 par N. Maksudyan, J. Velasco, L. Petitjean et S. Kiani, HASP, 2025, \u00e0 para\u00eetre) \u2013 ainsi que l\u2019exposition transdisciplinaire pour les 25 ans du CMB, <em>Les voi.es.x de la carte<\/em> (<span id=\"OBJ_PREFIX_DWT269_com_zimbra_url\" class=\"Object\" role=\"link\"><a class=\"safe---anchor---wc\" href=\"https:\/\/lesvoiesxdelacarte.eu\/fr\/lesvoiesxdelacarte-eu-home-fr\/\" target=\"_blank\" rel=\"noopener noreferrer nofollow\">https:\/\/lesvoiesxdelacarte.eu\/fr\/lesvoiesxdelacarte-eu-home-fr\/<\/a><\/span>, Institut fran\u00e7ais de Berlin, 2023).<\/p>\n<\/div>\n<p>&nbsp;<\/p>\n<div class=\"\">\n<div class=\"\">Tout le monde est le\u00b7la bienvenu\u00b7e. Nous encourageons et pratiquons des approches interdisciplinaires, et nous insistons sur le \u00ab\u00a0et\u00a0\u00bb dans notre nom (Art ET recherche) : le rapport entre les deux fait partie de notre interrogation.<\/div>\n<\/div>\n<p>&nbsp;<\/p>\n<p><strong>Contact :<\/strong> <a href=\"https:\/\/cmb.hu-berlin.de\/people\/marion-picker\/\">Marion Picker<\/a> und <a href=\"https:\/\/cmb.hu-berlin.de\/people\/julio-velasco\/\">Julio Velasco<\/a><\/p>\n            <\/div>\n            <\/div>\n<\/section>\n\n\n<section class=\"one-box-text-section align wp-block-acf-one-box-text-section\">\n            <h3 class=\"section-headline\" data-acf-inline-contenteditable=\"1\" data-acf-inline-contenteditable-field-slug=\"section_headline\" data-acf-placeholder=\"Type to edit...\" >\n            \u00c9tudes africaines        <\/h3>\n    \n    <div class=\"box-container cut\">\n                    <div class=\"text-box\" data-acf-inline-fields-uid=\"block_46eabb008e694b305f9102291e2ca65bbox_1\" data-acf-inline-fields=\"[{&quot;fieldName&quot;:&quot;box_1&quot;,&quot;fieldIcon&quot;:null,&quot;fieldLabel&quot;:&quot;Textbox&quot;,&quot;useExpandedEditor&quot;:false,&quot;popoverMinWidth&quot;:&quot;600px&quot;}]\" role=\"button\" tabindex=\"0\">\n                <p>Le groupe de travail \u00ab \u00c9tudes africaines \u00bb du Centre Marc Bloch rassemble les chercheuses et chercheurs du centre qui m\u00e8nent des travaux sur le continent africain ou en collaboration avec celui-ci. Ce groupe de travail organise des \u00e9v\u00e9nements li\u00e9s aux \u00e9tudes africaines \u00e0 Berlin et dans la r\u00e9gion, notamment des activit\u00e9s scientifiques (ateliers pour doctorants, s\u00e9minaires de recherche, \u00e9v\u00e9nements scientifiques sp\u00e9cifiques) ainsi que des activit\u00e9s \u00ab extra-universitaires \u00bb (projections de films, visites d\u2019expositions, etc.).<\/p>\n<p>&nbsp;<\/p>\n<p><strong>Contact<\/strong> :\u00a0<a href=\"https:\/\/cmb.hu-berlin.de\/people\/romain-tiquet\/\">Romain Tiquet<\/a><\/p>\n            <\/div>\n            <\/div>\n<\/section>\n\n\n<section class=\"one-box-text-section align wp-block-acf-one-box-text-section\">\n            <h3 class=\"section-headline\" data-acf-inline-contenteditable=\"1\" data-acf-inline-contenteditable-field-slug=\"section_headline\" data-acf-placeholder=\"Type to edit...\" >\n            Analyses du fascisme         <\/h3>\n    \n    <div class=\"box-container cut\">\n                    <div class=\"text-box\" data-acf-inline-fields-uid=\"block_130b150517ee7b43c091fe4331ca14abbox_1\" data-acf-inline-fields=\"[{&quot;fieldName&quot;:&quot;box_1&quot;,&quot;fieldIcon&quot;:null,&quot;fieldLabel&quot;:&quot;Textbox&quot;,&quot;useExpandedEditor&quot;:false,&quot;popoverMinWidth&quot;:&quot;600px&quot;}]\" role=\"button\" tabindex=\"0\">\n                <p>Le cercle de lecture \u00ab Analyses du fascisme \u00bb se r\u00e9unit une fois par mois pour discuter de textes th\u00e9oriques et historiques fondamentaux consacr\u00e9s au ph\u00e9nom\u00e8ne du fascisme. Les lectures choisies couvrent un large \u00e9ventail de traditions th\u00e9oriques, allant des approches marxistes et psychanalytiques \u00e0 la th\u00e9orie politique et \u00e0 la critique de l\u2019id\u00e9ologie, en passant par des analyses contemporaines des mouvements autoritaires.<\/p>\n<p>&nbsp;<\/p>\n<p>L\u2019objectif principal est de comparer diff\u00e9rentes th\u00e9ories du fascisme, de les replacer dans leur contexte historique et de les mettre en relation les unes avec les autres. Une attention particuli\u00e8re est accord\u00e9e aux liens entre fascisme et lib\u00e9ralisme, ainsi qu\u2019\u00e0 la question de savoir comment les ordres lib\u00e9raux peuvent eux-m\u00eames cr\u00e9er les conditions propices \u00e0 des tendances autoritaires. Par ailleurs, les travaux, analyses et projets th\u00e9oriques des participants seront pr\u00e9sent\u00e9s et discut\u00e9s afin d\u2019approfondir les \u00e9changes et d\u2019ouvrir de nouvelles perspectives sur des th\u00e9ories bien connues.<\/p>\n<p><strong>Contact:<\/strong> <a href=\"https:\/\/cmb.hu-berlin.de\/people\/yasmin-afshar\/\">Yasmin Afshar<\/a><\/p>\n            <\/div>\n            <\/div>\n<\/section>\n","protected":false},"excerpt":{"rendered":"","protected":false},"author":2,"featured_media":0,"parent":0,"menu_order":0,"comment_status":"closed","ping_status":"closed","template":"page-modular.php","meta":{"_acf_changed":false,"footnotes":""},"class_list":["post-19640","page","type-page","status-publish","hentry"],"acf":[],"yoast_head":"<!-- This site is optimized with the Yoast SEO plugin v28.3 - https:\/\/yoast.com\/product\/yoast-seo-wordpress\/ -->\n<title>Groupes de travail transversaux - Centre Marc Bloch<\/title>\n<meta name=\"robots\" content=\"index, follow, max-snippet:-1, max-image-preview:large, max-video-preview:-1\" \/>\n<link rel=\"canonical\" href=\"https:\/\/cmb.hu-berlin.de\/fr\/forschungsgruppen\/\" \/>\n<meta property=\"og:locale\" content=\"fr_FR\" \/>\n<meta property=\"og:type\" content=\"article\" \/>\n<meta property=\"og:title\" content=\"Groupes de travail transversaux - Centre Marc Bloch\" \/>\n<meta property=\"og:url\" content=\"https:\/\/cmb.hu-berlin.de\/fr\/forschungsgruppen\/\" \/>\n<meta property=\"og:site_name\" content=\"Centre Marc Bloch\" \/>\n<meta property=\"article:modified_time\" content=\"2026-08-31T13:05:39+00:00\" \/>\n<meta name=\"twitter:card\" content=\"summary_large_image\" \/>\n<script type=\"application\/ld+json\" class=\"yoast-schema-graph\">{\"@context\":\"https:\\\/\\\/schema.org\",\"@graph\":[{\"@type\":\"WebPage\",\"@id\":\"https:\\\/\\\/cmb.hu-berlin.de\\\/fr\\\/forschungsgruppen\\\/\",\"url\":\"https:\\\/\\\/cmb.hu-berlin.de\\\/fr\\\/forschungsgruppen\\\/\",\"name\":\"Groupes de travail transversaux - Centre Marc Bloch\",\"isPartOf\":{\"@id\":\"https:\\\/\\\/cmb.hu-berlin.de\\\/#website\"},\"datePublished\":\"2025-10-09T08:41:02+00:00\",\"dateModified\":\"2026-08-31T13:05:39+00:00\",\"breadcrumb\":{\"@id\":\"https:\\\/\\\/cmb.hu-berlin.de\\\/fr\\\/forschungsgruppen\\\/#breadcrumb\"},\"inLanguage\":\"fr-FR\",\"potentialAction\":[{\"@type\":\"ReadAction\",\"target\":[\"https:\\\/\\\/cmb.hu-berlin.de\\\/fr\\\/forschungsgruppen\\\/\"]}]},{\"@type\":\"BreadcrumbList\",\"@id\":\"https:\\\/\\\/cmb.hu-berlin.de\\\/fr\\\/forschungsgruppen\\\/#breadcrumb\",\"itemListElement\":[{\"@type\":\"ListItem\",\"position\":1,\"name\":\"Start\",\"item\":\"https:\\\/\\\/cmb.hu-berlin.de\\\/fr\\\/\"},{\"@type\":\"ListItem\",\"position\":2,\"name\":\"Groupes de travail transversaux\"}]},{\"@type\":\"WebSite\",\"@id\":\"https:\\\/\\\/cmb.hu-berlin.de\\\/#website\",\"url\":\"https:\\\/\\\/cmb.hu-berlin.de\\\/\",\"name\":\"Centre Marc Bloch\",\"description\":\"Ein deutsch-franz\u00f6sisches Forschungszentrum f\u00fcr Geistes- und Sozialwissenschaften\",\"potentialAction\":[{\"@type\":\"SearchAction\",\"target\":{\"@type\":\"EntryPoint\",\"urlTemplate\":\"https:\\\/\\\/cmb.hu-berlin.de\\\/?s={search_term_string}\"},\"query-input\":{\"@type\":\"PropertyValueSpecification\",\"valueRequired\":true,\"valueName\":\"search_term_string\"}}],\"inLanguage\":\"fr-FR\"}]}<\/script>\n<!-- \/ Yoast SEO plugin. -->","yoast_head_json":{"title":"Groupes de travail transversaux - Centre Marc Bloch","robots":{"index":"index","follow":"follow","max-snippet":"max-snippet:-1","max-image-preview":"max-image-preview:large","max-video-preview":"max-video-preview:-1"},"canonical":"https:\/\/cmb.hu-berlin.de\/fr\/forschungsgruppen\/","og_locale":"fr_FR","og_type":"article","og_title":"Groupes de travail transversaux - Centre Marc Bloch","og_url":"https:\/\/cmb.hu-berlin.de\/fr\/forschungsgruppen\/","og_site_name":"Centre Marc Bloch","article_modified_time":"2026-08-31T13:05:39+00:00","twitter_card":"summary_large_image","schema":{"@context":"https:\/\/schema.org","@graph":[{"@type":"WebPage","@id":"https:\/\/cmb.hu-berlin.de\/fr\/forschungsgruppen\/","url":"https:\/\/cmb.hu-berlin.de\/fr\/forschungsgruppen\/","name":"Groupes de travail transversaux - Centre Marc Bloch","isPartOf":{"@id":"https:\/\/cmb.hu-berlin.de\/#website"},"datePublished":"2025-10-09T08:41:02+00:00","dateModified":"2026-08-31T13:05:39+00:00","breadcrumb":{"@id":"https:\/\/cmb.hu-berlin.de\/fr\/forschungsgruppen\/#breadcrumb"},"inLanguage":"fr-FR","potentialAction":[{"@type":"ReadAction","target":["https:\/\/cmb.hu-berlin.de\/fr\/forschungsgruppen\/"]}]},{"@type":"BreadcrumbList","@id":"https:\/\/cmb.hu-berlin.de\/fr\/forschungsgruppen\/#breadcrumb","itemListElement":[{"@type":"ListItem","position":1,"name":"Start","item":"https:\/\/cmb.hu-berlin.de\/fr\/"},{"@type":"ListItem","position":2,"name":"Groupes de travail transversaux"}]},{"@type":"WebSite","@id":"https:\/\/cmb.hu-berlin.de\/#website","url":"https:\/\/cmb.hu-berlin.de\/","name":"Centre Marc Bloch","description":"Ein deutsch-franz\u00f6sisches Forschungszentrum f\u00fcr Geistes- und Sozialwissenschaften","potentialAction":[{"@type":"SearchAction","target":{"@type":"EntryPoint","urlTemplate":"https:\/\/cmb.hu-berlin.de\/?s={search_term_string}"},"query-input":{"@type":"PropertyValueSpecification","valueRequired":true,"valueName":"search_term_string"}}],"inLanguage":"fr-FR"}]}},"_links":{"self":[{"href":"https:\/\/cmb.hu-berlin.de\/fr\/wp-json\/wp\/v2\/pages\/19640","targetHints":{"allow":["GET"]}}],"collection":[{"href":"https:\/\/cmb.hu-berlin.de\/fr\/wp-json\/wp\/v2\/pages"}],"about":[{"href":"https:\/\/cmb.hu-berlin.de\/fr\/wp-json\/wp\/v2\/types\/page"}],"author":[{"embeddable":true,"href":"https:\/\/cmb.hu-berlin.de\/fr\/wp-json\/wp\/v2\/users\/2"}],"replies":[{"embeddable":true,"href":"https:\/\/cmb.hu-berlin.de\/fr\/wp-json\/wp\/v2\/comments?post=19640"}],"version-history":[{"count":14,"href":"https:\/\/cmb.hu-berlin.de\/fr\/wp-json\/wp\/v2\/pages\/19640\/revisions"}],"predecessor-version":[{"id":26884,"href":"https:\/\/cmb.hu-berlin.de\/fr\/wp-json\/wp\/v2\/pages\/19640\/revisions\/26884"}],"wp:attachment":[{"href":"https:\/\/cmb.hu-berlin.de\/fr\/wp-json\/wp\/v2\/media?parent=19640"}],"curies":[{"name":"wp","href":"https:\/\/api.w.org\/{rel}","templated":true}]}}

<section class="header-section align wp-block-acf-headline">
    <h1 class="block-headline" data-acf-inline-contenteditable="1" data-acf-inline-contenteditable-field-slug="headline" data-acf-placeholder="Type to edit..." >
        Groupes de travail transversaux    </h1>
</section>

<section class="one-box-text-section align wp-block-acf-one-box-text-section">
            <h3 class="section-headline" data-acf-inline-contenteditable="1" data-acf-inline-contenteditable-field-slug="section_headline" data-acf-placeholder="Type to edit..." >
            Art et recherche        </h3>
    
    <div class="box-container cut">
                    <div class="text-box" data-acf-inline-fields-uid="block_7f7bf02121f29ce47d507cafddc25cc1box_1" data-acf-inline-fields="[{&quot;fieldName&quot;:&quot;box_1&quot;,&quot;fieldIcon&quot;:null,&quot;fieldLabel&quot;:&quot;Textbox&quot;,&quot;useExpandedEditor&quot;:false,&quot;popoverMinWidth&quot;:&quot;600px&quot;}]" role="button" tabindex="0">
                <div class="">
<p>Le groupe « Art et recherche » organise des rencontres rassemblant des chercheur·e·s du CMB qui travaillent sur des sujets liés à l’art ou qui sont confronté·e·s à des œuvres artistiques, à des artistes ou à des questions en rapport avec l’art, comme éléments de leurs enquêtes, dans le but de pouvoir échanger, questionner, présenter des travaux en cours, envisager des approches ou entamer de nouvelles recherches.</p>
</div>
<p>&nbsp;</p>
<div class="">
<p>En plus des rencontres régulières par Zoom, nous organisons des JE et colloques – <em class="">Lieux communs: Arts et spatialités</em> (Poitiers, 2025), <em>Sound</em> (Berlin, 2023 et 2024), etc. –, des publications collaboratives (avec l’Université Viadrina : <em>Bio-art</em>, transcript, 2024, <span id="OBJ_PREFIX_DWT268_com_zimbra_url" class="Object" role="link"><a class="safe---anchor---wc" href="https://www.transcript-publishing.com/978-3-8376-7177-3/bio-art/" target="_blank" rel="noopener noreferrer nofollow">https://www.transcript-publishing.com/978-3-8376-7177-3/bio-art/</a></span> ; ou <em>Sound as Affect, Media, Data</em>, édité par N. Maksudyan, J. Velasco, L. Petitjean et S. Kiani, HASP, 2025, à paraître) – ainsi que l’exposition transdisciplinaire pour les 25 ans du CMB, <em>Les voi.es.x de la carte</em> (<span id="OBJ_PREFIX_DWT269_com_zimbra_url" class="Object" role="link"><a class="safe---anchor---wc" href="https://lesvoiesxdelacarte.eu/fr/lesvoiesxdelacarte-eu-home-fr/" target="_blank" rel="noopener noreferrer nofollow">https://lesvoiesxdelacarte.eu/fr/lesvoiesxdelacarte-eu-home-fr/</a></span>, Institut français de Berlin, 2023).</p>
</div>
<p>&nbsp;</p>
<div class="">
<div class="">Tout le monde est le·la bienvenu·e. Nous encourageons et pratiquons des approches interdisciplinaires, et nous insistons sur le « et » dans notre nom (Art ET recherche) : le rapport entre les deux fait partie de notre interrogation.</div>
</div>
<p>&nbsp;</p>
<p><strong>Contact :</strong> <a href="https://cmb.hu-berlin.de/people/marion-picker/">Marion Picker</a> und <a href="https://cmb.hu-berlin.de/people/julio-velasco/">Julio Velasco</a></p>
            </div>
            </div>
</section>


<section class="one-box-text-section align wp-block-acf-one-box-text-section">
            <h3 class="section-headline" data-acf-inline-contenteditable="1" data-acf-inline-contenteditable-field-slug="section_headline" data-acf-placeholder="Type to edit..." >
            Études africaines        </h3>
    
    <div class="box-container cut">
                    <div class="text-box" data-acf-inline-fields-uid="block_46eabb008e694b305f9102291e2ca65bbox_1" data-acf-inline-fields="[{&quot;fieldName&quot;:&quot;box_1&quot;,&quot;fieldIcon&quot;:null,&quot;fieldLabel&quot;:&quot;Textbox&quot;,&quot;useExpandedEditor&quot;:false,&quot;popoverMinWidth&quot;:&quot;600px&quot;}]" role="button" tabindex="0">
                <p>Le groupe de travail « Études africaines » du Centre Marc Bloch rassemble les chercheuses et chercheurs du centre qui mènent des travaux sur le continent africain ou en collaboration avec celui-ci. Ce groupe de travail organise des événements liés aux études africaines à Berlin et dans la région, notamment des activités scientifiques (ateliers pour doctorants, séminaires de recherche, événements scientifiques spécifiques) ainsi que des activités « extra-universitaires » (projections de films, visites d’expositions, etc.).</p>
<p>&nbsp;</p>
<p><strong>Contact</strong> : <a href="https://cmb.hu-berlin.de/people/romain-tiquet/">Romain Tiquet</a></p>
            </div>
            </div>
</section>


<section class="one-box-text-section align wp-block-acf-one-box-text-section">
            <h3 class="section-headline" data-acf-inline-contenteditable="1" data-acf-inline-contenteditable-field-slug="section_headline" data-acf-placeholder="Type to edit..." >
            Analyses du fascisme         </h3>
    
    <div class="box-container cut">
                    <div class="text-box" data-acf-inline-fields-uid="block_130b150517ee7b43c091fe4331ca14abbox_1" data-acf-inline-fields="[{&quot;fieldName&quot;:&quot;box_1&quot;,&quot;fieldIcon&quot;:null,&quot;fieldLabel&quot;:&quot;Textbox&quot;,&quot;useExpandedEditor&quot;:false,&quot;popoverMinWidth&quot;:&quot;600px&quot;}]" role="button" tabindex="0">
                <p>Le cercle de lecture « Analyses du fascisme » se réunit une fois par mois pour discuter de textes théoriques et historiques fondamentaux consacrés au phénomène du fascisme. Les lectures choisies couvrent un large éventail de traditions théoriques, allant des approches marxistes et psychanalytiques à la théorie politique et à la critique de l’idéologie, en passant par des analyses contemporaines des mouvements autoritaires.</p>
<p>&nbsp;</p>
<p>L’objectif principal est de comparer différentes théories du fascisme, de les replacer dans leur contexte historique et de les mettre en relation les unes avec les autres. Une attention particulière est accordée aux liens entre fascisme et libéralisme, ainsi qu’à la question de savoir comment les ordres libéraux peuvent eux-mêmes créer les conditions propices à des tendances autoritaires. Par ailleurs, les travaux, analyses et projets théoriques des participants seront présentés et discutés afin d’approfondir les échanges et d’ouvrir de nouvelles perspectives sur des théories bien connues.</p>
<p><strong>Contact:</strong> <a href="https://cmb.hu-berlin.de/people/yasmin-afshar/">Yasmin Afshar</a></p>
            </div>
            </div>
</section>

<!-- This site is optimized with the Yoast SEO plugin v28.3 - https://yoast.com/product/yoast-seo-wordpress/ -->
<title>Groupes de travail transversaux - Centre Marc Bloch</title>
<meta name="robots" content="index, follow, max-snippet:-1, max-image-preview:large, max-video-preview:-1" />
<link rel="canonical" href="https://cmb.hu-berlin.de/fr/forschungsgruppen/" />
<meta property="og:locale" content="fr_FR" />
<meta property="og:type" content="article" />
<meta property="og:title" content="Groupes de travail transversaux - Centre Marc Bloch" />
<meta property="og:url" content="https://cmb.hu-berlin.de/fr/forschungsgruppen/" />
<meta property="og:site_name" content="Centre Marc Bloch" />
<meta property="article:modified_time" content="2026-08-31T13:05:39+00:00" />
<meta name="twitter:card" content="summary_large_image" />
<script type="application/ld+json" class="yoast-schema-graph">{"@context":"https:\/\/schema.org","@graph":[{"@type":"WebPage","@id":"https:\/\/cmb.hu-berlin.de\/fr\/forschungsgruppen\/","url":"https:\/\/cmb.hu-berlin.de\/fr\/forschungsgruppen\/","name":"Groupes de travail transversaux - Centre Marc Bloch","isPartOf":{"@id":"https:\/\/cmb.hu-berlin.de\/#website"},"datePublished":"2025-10-09T08:41:02+00:00","dateModified":"2026-08-31T13:05:39+00:00","breadcrumb":{"@id":"https:\/\/cmb.hu-berlin.de\/fr\/forschungsgruppen\/#breadcrumb"},"inLanguage":"fr-FR","potentialAction":[{"@type":"ReadAction","target":["https:\/\/cmb.hu-berlin.de\/fr\/forschungsgruppen\/"]}]},{"@type":"BreadcrumbList","@id":"https:\/\/cmb.hu-berlin.de\/fr\/forschungsgruppen\/#breadcrumb","itemListElement":[{"@type":"ListItem","position":1,"name":"Start","item":"https:\/\/cmb.hu-berlin.de\/fr\/"},{"@type":"ListItem","position":2,"name":"Groupes de travail transversaux"}]},{"@type":"WebSite","@id":"https:\/\/cmb.hu-berlin.de\/#website","url":"https:\/\/cmb.hu-berlin.de\/","name":"Centre Marc Bloch","description":"Ein deutsch-französisches Forschungszentrum für Geistes- und Sozialwissenschaften","potentialAction":[{"@type":"SearchAction","target":{"@type":"EntryPoint","urlTemplate":"https:\/\/cmb.hu-berlin.de\/?s={search_term_string}"},"query-input":{"@type":"PropertyValueSpecification","valueRequired":true,"valueName":"search_term_string"}}],"inLanguage":"fr-FR"}]}</script>
<!-- / Yoast SEO plugin. -->

Ein deutsch-französisches Forschungszentrum für Geistes- und Sozialwissenschaften
