{"id":20795,"date":"2025-04-11T10:59:12","date_gmt":"2025-04-11T08:59:12","guid":{"rendered":"https:\/\/cmb.hu-berlin.de\/le-centre-marc-bloch\/instances\/ag-klimaschutz\/"},"modified":"2026-02-23T11:32:02","modified_gmt":"2026-02-23T10:32:02","slug":"gt-protection-du-climat","status":"publish","type":"page","link":"https:\/\/cmb.hu-berlin.de\/fr\/le-centre-marc-bloch\/instances\/gt-protection-du-climat\/","title":{"rendered":"GT Protection du climat"},"content":{"rendered":"<section class=\"header-section\">\n    <h1 class=\"block-headline\">GT Protection du climat<\/h1>\n\n<\/section>\n\n\n\n<section class=\"one-box-text-section\">\n    \n    <div class=\"box-container cut\">\n                    <div class=\"text-box\">\n                <p>Le groupe de travail pour la protection du climat est un organe consultatif du Centre Marc Bloch sur les questions li\u00e9es au changement climatique et \u00e0 la transition \u00e9cologique. Il constitue un lieu d&rsquo;\u00e9change, ouvert \u00e0 tous les membres du Centre, tous statuts confondus. Il se r\u00e9unit, en principe, sur une base mensuelle.<\/p>\n<p>&nbsp;<\/p>\n<p>Son ordre du jour est \u00e9tabli en fonction des propositions des membres du Centre.<\/p>\n<p>&nbsp;<\/p>\n<p>Il peut \u00e9mettre des recommandations et attirer l&rsquo;attention du Conseil de Laboratoire sur des points qu&rsquo;il souhaite voir inscrits \u00e0 son ordre du jour et discut\u00e9s. Vous trouverez ainsi ici <a href=\"https:\/\/cmb.hu-berlin.de\/wp-content\/uploads\/2025\/11\/20250120_CMB-Reiserichtlinien_Update_vote.pdf\" data-cke-saved-href=\"t3:\/\/file?uid=9080\">les recommandations de mesures concernant les d\u00e9placements professionnels<\/a>.<\/p>\n            <\/div>\n              \n    <\/div>\n<\/section>\n\n<section class=\"people-repeater\">\n      <h3 class=\"section-headline\">R\u00e9f\u00e9rent.es Climat<\/h3>\n  \n  <div class=\"people-grid\">\n          \n        \n        <a href=\"https:\/\/cmb.hu-berlin.de\/fr\/people\/lucile-debras\/\"\n           class=\"person-box person-box-link\"\n           data-person-gender=\"f\"\n           data-lang=\"fr\">\n\n          <div class=\"person-image-wrapper\">\n            <img decoding=\"async\" src=\"https:\/\/cmb.hu-berlin.de\/wp-content\/uploads\/2025\/04\/Lucile-Debras-683x1024.jpg\"\n                 alt=\"Lucile Debras\"\n                 class=\"person-image\" \/>\n          <\/div>\n\n          <h4 class=\"person-name\">Lucile Debras<\/h4>\n\n          <div class=\"person-meta\">\n            \n                      <\/div>\n\n        <\/a>\n\n      \n        \n        <a href=\"https:\/\/cmb.hu-berlin.de\/fr\/people\/benjamin-beuerle\/\"\n           class=\"person-box person-box-link\"\n           data-person-gender=\"m\"\n           data-lang=\"fr\">\n\n          <div class=\"person-image-wrapper\">\n            <img decoding=\"async\" src=\"https:\/\/cmb.hu-berlin.de\/wp-content\/uploads\/2025\/04\/DSC07406-bis-1024x928.jpg\"\n                 alt=\"Benjamin Beuerle\"\n                 class=\"person-image\" \/>\n          <\/div>\n\n          <h4 class=\"person-name\">Benjamin Beuerle<\/h4>\n\n          <div class=\"person-meta\">\n            \n                      <\/div>\n\n        <\/a>\n\n      \n              <\/div>\n<\/section>\n\n\n<p><\/p>\n","protected":false},"excerpt":{"rendered":"","protected":false},"author":1,"featured_media":0,"parent":17472,"menu_order":0,"comment_status":"closed","ping_status":"closed","template":"page-modular.php","meta":{"_acf_changed":false,"footnotes":""},"class_list":["post-20795","page","type-page","status-publish","hentry"],"acf":[],"_links":{"self":[{"href":"https:\/\/cmb.hu-berlin.de\/fr\/wp-json\/wp\/v2\/pages\/20795","targetHints":{"allow":["GET"]}}],"collection":[{"href":"https:\/\/cmb.hu-berlin.de\/fr\/wp-json\/wp\/v2\/pages"}],"about":[{"href":"https:\/\/cmb.hu-berlin.de\/fr\/wp-json\/wp\/v2\/types\/page"}],"author":[{"embeddable":true,"href":"https:\/\/cmb.hu-berlin.de\/fr\/wp-json\/wp\/v2\/users\/1"}],"replies":[{"embeddable":true,"href":"https:\/\/cmb.hu-berlin.de\/fr\/wp-json\/wp\/v2\/comments?post=20795"}],"version-history":[{"count":5,"href":"https:\/\/cmb.hu-berlin.de\/fr\/wp-json\/wp\/v2\/pages\/20795\/revisions"}],"predecessor-version":[{"id":22716,"href":"https:\/\/cmb.hu-berlin.de\/fr\/wp-json\/wp\/v2\/pages\/20795\/revisions\/22716"}],"up":[{"embeddable":true,"href":"https:\/\/cmb.hu-berlin.de\/fr\/wp-json\/wp\/v2\/pages\/17472"}],"wp:attachment":[{"href":"https:\/\/cmb.hu-berlin.de\/fr\/wp-json\/wp\/v2\/media?parent=20795"}],"curies":[{"name":"wp","href":"https:\/\/api.w.org\/{rel}","templated":true}]}}

<section class="header-section">
    <h1 class="block-headline">GT Protection du climat</h1>

</section>



<section class="one-box-text-section">
    
    <div class="box-container cut">
                    <div class="text-box">
                <p>Le groupe de travail pour la protection du climat est un organe consultatif du Centre Marc Bloch sur les questions liées au changement climatique et à la transition écologique. Il constitue un lieu d&rsquo;échange, ouvert à tous les membres du Centre, tous statuts confondus. Il se réunit, en principe, sur une base mensuelle.</p>
<p>&nbsp;</p>
<p>Son ordre du jour est établi en fonction des propositions des membres du Centre.</p>
<p>&nbsp;</p>
<p>Il peut émettre des recommandations et attirer l&rsquo;attention du Conseil de Laboratoire sur des points qu&rsquo;il souhaite voir inscrits à son ordre du jour et discutés. Vous trouverez ainsi ici <a href="https://cmb.hu-berlin.de/wp-content/uploads/2025/11/20250120_CMB-Reiserichtlinien_Update_vote.pdf" data-cke-saved-href="t3://file?uid=9080">les recommandations de mesures concernant les déplacements professionnels</a>.</p>
            </div>
              
    </div>
</section>

<section class="people-repeater">
      <h3 class="section-headline">Référent.es Climat</h3>
  
  <div class="people-grid">
          
        
        <a href="https://cmb.hu-berlin.de/fr/people/lucile-debras/"
           class="person-box person-box-link"
           data-person-gender="f"
           data-lang="fr">

          <div class="person-image-wrapper">
            <img decoding="async" src="https://cmb.hu-berlin.de/wp-content/uploads/2025/04/Lucile-Debras-683x1024.jpg"
                 alt="Lucile Debras"
                 class="person-image" />
          </div>

          <h4 class="person-name">Lucile Debras</h4>

          <div class="person-meta">
            
                      </div>

        </a>

      
        
        <a href="https://cmb.hu-berlin.de/fr/people/benjamin-beuerle/"
           class="person-box person-box-link"
           data-person-gender="m"
           data-lang="fr">

          <div class="person-image-wrapper">
            <img decoding="async" src="https://cmb.hu-berlin.de/wp-content/uploads/2025/04/DSC07406-bis-1024x928.jpg"
                 alt="Benjamin Beuerle"
                 class="person-image" />
          </div>

          <h4 class="person-name">Benjamin Beuerle</h4>

          <div class="person-meta">
            
                      </div>

        </a>

      
              </div>
</section>


<p></p>
