{"id":22002,"date":"2026-01-15T10:42:37","date_gmt":"2026-01-15T09:42:37","guid":{"rendered":"https:\/\/cmb.hu-berlin.de\/?page_id=22002"},"modified":"2026-03-04T11:54:40","modified_gmt":"2026-03-04T10:54:40","slug":"22002-2","status":"publish","type":"page","link":"https:\/\/cmb.hu-berlin.de\/fr\/22002-2\/","title":{"rendered":""},"content":{"rendered":"<section class=\"header-section\">\n    <h1 class=\"block-headline\">Marc Bloch au Panth\u00e9on !<\/h1>\n\n<\/section>\n\n\n\t<section class=\"subheadline_section\">\n\t    <h2 class=\"block-subheadline\">S\u00e9rie sp\u00e9ciale de Radio Marc Bloch<\/h2>\n\t<\/section>\n\n\n\n<div class=\"wp-block-group is-content-justification-center is-nowrap is-layout-flex wp-container-core-group-is-layout-079bfc22 wp-block-group-is-layout-flex\"><section class=\"image-with-text\" style=\"display: flex; flex-direction: row-reverse;\">\n                <div class=\"text\" style=\"width: 50%; padding: 10px;\">\n            <section class=\"one-box-text-section\">\n<div class=\"box-container cut\">\n<div class=\"text-box\">\n<p data-pm-slice=\"1 1 []\">En <strong>juin 2026<\/strong>, l\u2019historien et r\u00e9sistant <strong>Marc Bloch<\/strong> (1886-1944) entre au <strong>Panth\u00e9on<\/strong>. Dans le sillon de cette reconnaissance de la patrie \u00e0 ses grands hommes et femmes, le Centre Marc Bloch organise un cycle de manifestations, notamment radiophoniques.\u00a0 A partir de janvier 2026, Radio Marc Bloch propose ainsi une s\u00e9rie sp\u00e9ciale de podcasts <em><strong>\u00ab Marc Bloch au Panth\u00e9on ! \u00bb<\/strong><\/em><\/p>\n<p>&nbsp;<\/p>\n<p>Cette s\u00e9rie donne la parole \u00e0 diff\u00e9rent.e.s h\u00e9ritier.e.s et lecteurs\/-trices de Marc Bloch \u2014 acteurs\/-trices institutionnel.le.s de la coop\u00e9ration franco-allemande, chercheur\u00b7es et historien\u00b7nes, membres de la famille de Marc Bloch, mais aussi lyc\u00e9en\u00b7nes et enseignant\u00b7es fran\u00e7ais\u00b7es et allemand\u00b7es ou artiste \u2014 autour de quelques questions communes sur leur rapport \u00e0 Marc Bloch comme sur le sens qu&rsquo;ils et elles donnent \u00e0 cette panth\u00e9onisation.<\/p>\n<\/div>\n<\/div>\n<\/section>\n        <\/div>\n    <\/section><\/div>\n\n\n\n<div class=\"wp-block-columns are-vertically-aligned-top is-layout-flex wp-container-core-columns-is-layout-9d6595d7 wp-block-columns-is-layout-flex\">\n<div class=\"wp-block-column is-vertically-aligned-top is-layout-flow wp-block-column-is-layout-flow\" style=\"flex-basis:60%\">\n<section class=\"one-box-text-section\">\n    \n    <div class=\"box-container cut\">\n                    <div class=\"text-box\">\n                <hr \/>\n<p>&nbsp;<\/p>\n            <\/div>\n              \n    <\/div>\n<\/section>\n\n\n<iframe name=\"Ausha Podcast Player\" frameborder=\"0\" loading=\"lazy\" id=\"ausha-EEoc\" height=\"420\" style=\"border: none; width:100%; height:420px\" src=\"https:\/\/player.ausha.co\/?showId=zYGdJsV1pPdX&#038;color=%23751CBF&#038;multishow=false&#038;playlist=true&#038;dark=false&#038;playlistSlug=marc-bloch-au-pantheon&#038;v=3&#038;playerId=ausha-EEoc\"><\/iframe><script src=\"https:\/\/player.ausha.co\/ausha-player.js\"><\/script>\n<\/div>\n\n\n\n<div class=\"wp-block-column is-vertically-aligned-top is-layout-flow wp-block-column-is-layout-flow\" style=\"flex-basis:30%\">\n<figure class=\"wp-block-image size-full is-style-default\"><img loading=\"lazy\" decoding=\"async\" width=\"500\" height=\"500\" src=\"https:\/\/cmb.hu-berlin.de\/wp-content\/uploads\/2026\/01\/Serie-speciale-Marc-Bloch-au-Pantheon-.png\" alt=\"\" class=\"wp-image-22033\" srcset=\"https:\/\/cmb.hu-berlin.de\/wp-content\/uploads\/2026\/01\/Serie-speciale-Marc-Bloch-au-Pantheon-.png 500w, https:\/\/cmb.hu-berlin.de\/wp-content\/uploads\/2026\/01\/Serie-speciale-Marc-Bloch-au-Pantheon--300x300.png 300w, https:\/\/cmb.hu-berlin.de\/wp-content\/uploads\/2026\/01\/Serie-speciale-Marc-Bloch-au-Pantheon--150x150.png 150w\" sizes=\"auto, (max-width: 500px) 100vw, 500px\" \/><\/figure>\n<\/div>\n<\/div>\n\n\n\n<div class=\"wp-block-buttons is-content-justification-center is-layout-flex wp-container-core-buttons-is-layout-16018d1d wp-block-buttons-is-layout-flex\">\n<div class=\"wp-block-button\"><a class=\"wp-block-button__link wp-element-button\" href=\"https:\/\/podcast.ausha.co\/radio-marc-bloch\/playlist\/marc-bloch-au-pantheon\">Lien vers la playlist compl\u00e8te<\/a><\/div>\n<\/div>\n\n\n\n<div class=\"wp-block-group is-nowrap is-layout-flex wp-container-core-group-is-layout-ad2f72ca wp-block-group-is-layout-flex\">\n<section class=\"one-box-text-section\">\n    \n    <div class=\"box-container cut\">\n              \n    <\/div>\n<\/section><\/div>\n\n\n\n<p><\/p>\n","protected":false},"excerpt":{"rendered":"","protected":false},"author":4,"featured_media":0,"parent":0,"menu_order":0,"comment_status":"closed","ping_status":"closed","template":"page-modular.php","meta":{"_acf_changed":false,"footnotes":""},"class_list":["post-22002","page","type-page","status-publish","hentry"],"acf":[],"_links":{"self":[{"href":"https:\/\/cmb.hu-berlin.de\/fr\/wp-json\/wp\/v2\/pages\/22002","targetHints":{"allow":["GET"]}}],"collection":[{"href":"https:\/\/cmb.hu-berlin.de\/fr\/wp-json\/wp\/v2\/pages"}],"about":[{"href":"https:\/\/cmb.hu-berlin.de\/fr\/wp-json\/wp\/v2\/types\/page"}],"author":[{"embeddable":true,"href":"https:\/\/cmb.hu-berlin.de\/fr\/wp-json\/wp\/v2\/users\/4"}],"replies":[{"embeddable":true,"href":"https:\/\/cmb.hu-berlin.de\/fr\/wp-json\/wp\/v2\/comments?post=22002"}],"version-history":[{"count":12,"href":"https:\/\/cmb.hu-berlin.de\/fr\/wp-json\/wp\/v2\/pages\/22002\/revisions"}],"predecessor-version":[{"id":23139,"href":"https:\/\/cmb.hu-berlin.de\/fr\/wp-json\/wp\/v2\/pages\/22002\/revisions\/23139"}],"wp:attachment":[{"href":"https:\/\/cmb.hu-berlin.de\/fr\/wp-json\/wp\/v2\/media?parent=22002"}],"curies":[{"name":"wp","href":"https:\/\/api.w.org\/{rel}","templated":true}]}}

<section class="header-section">
    <h1 class="block-headline">Marc Bloch au Panthéon !</h1>

</section>


	<section class="subheadline_section">
	    <h2 class="block-subheadline">Série spéciale de Radio Marc Bloch</h2>
	</section>



<div class="wp-block-group is-content-justification-center is-nowrap is-layout-flex wp-container-core-group-is-layout-079bfc22 wp-block-group-is-layout-flex"><section class="image-with-text" style="display: flex; flex-direction: row-reverse;">
                <div class="text" style="width: 50%; padding: 10px;">
            <section class="one-box-text-section">
<div class="box-container cut">
<div class="text-box">
<p data-pm-slice="1 1 []">En <strong>juin 2026</strong>, l’historien et résistant <strong>Marc Bloch</strong> (1886-1944) entre au <strong>Panthéon</strong>. Dans le sillon de cette reconnaissance de la patrie à ses grands hommes et femmes, le Centre Marc Bloch organise un cycle de manifestations, notamment radiophoniques.  A partir de janvier 2026, Radio Marc Bloch propose ainsi une série spéciale de podcasts <em><strong>« Marc Bloch au Panthéon ! »</strong></em></p>
<p>&nbsp;</p>
<p>Cette série donne la parole à différent.e.s héritier.e.s et lecteurs/-trices de Marc Bloch — acteurs/-trices institutionnel.le.s de la coopération franco-allemande, chercheur·es et historien·nes, membres de la famille de Marc Bloch, mais aussi lycéen·nes et enseignant·es français·es et allemand·es ou artiste — autour de quelques questions communes sur leur rapport à Marc Bloch comme sur le sens qu&rsquo;ils et elles donnent à cette panthéonisation.</p>
</div>
</div>
</section>
        </div>
    </section></div>



<div class="wp-block-columns are-vertically-aligned-top is-layout-flex wp-container-core-columns-is-layout-9d6595d7 wp-block-columns-is-layout-flex">
<div class="wp-block-column is-vertically-aligned-top is-layout-flow wp-block-column-is-layout-flow" style="flex-basis:60%">
<section class="one-box-text-section">
    
    <div class="box-container cut">
                    <div class="text-box">
                <hr />
<p>&nbsp;</p>
            </div>
              
    </div>
</section>


<iframe name="Ausha Podcast Player" frameborder="0" loading="lazy" id="ausha-EEoc" height="420" style="border: none; width:100%; height:420px" src="https://player.ausha.co/?showId=zYGdJsV1pPdX&#038;color=%23751CBF&#038;multishow=false&#038;playlist=true&#038;dark=false&#038;playlistSlug=marc-bloch-au-pantheon&#038;v=3&#038;playerId=ausha-EEoc"></iframe><script src="https://player.ausha.co/ausha-player.js"></script>
</div>



<div class="wp-block-column is-vertically-aligned-top is-layout-flow wp-block-column-is-layout-flow" style="flex-basis:30%">
<figure class="wp-block-image size-full is-style-default"><img loading="lazy" decoding="async" width="500" height="500" src="https://cmb.hu-berlin.de/wp-content/uploads/2026/01/Serie-speciale-Marc-Bloch-au-Pantheon-.png" alt="" class="wp-image-22033" srcset="https://cmb.hu-berlin.de/wp-content/uploads/2026/01/Serie-speciale-Marc-Bloch-au-Pantheon-.png 500w, https://cmb.hu-berlin.de/wp-content/uploads/2026/01/Serie-speciale-Marc-Bloch-au-Pantheon--300x300.png 300w, https://cmb.hu-berlin.de/wp-content/uploads/2026/01/Serie-speciale-Marc-Bloch-au-Pantheon--150x150.png 150w" sizes="auto, (max-width: 500px) 100vw, 500px" /></figure>
</div>
</div>



<div class="wp-block-buttons is-content-justification-center is-layout-flex wp-container-core-buttons-is-layout-16018d1d wp-block-buttons-is-layout-flex">
<div class="wp-block-button"><a class="wp-block-button__link wp-element-button" href="https://podcast.ausha.co/radio-marc-bloch/playlist/marc-bloch-au-pantheon">Lien vers la playlist complète</a></div>
</div>



<div class="wp-block-group is-nowrap is-layout-flex wp-container-core-group-is-layout-ad2f72ca wp-block-group-is-layout-flex">
<section class="one-box-text-section">
    
    <div class="box-container cut">
              
    </div>
</section></div>



<p></p>
