{"id":23798,"date":"2024-06-26T06:00:30","date_gmt":"2024-06-26T04:00:30","guid":{"rendered":"https:\/\/cmb.hu-berlin.de\/podcasts\/34-les-revolutions-arabes-et-la-quete-de-dignite\/"},"modified":"2026-03-31T11:23:39","modified_gmt":"2026-03-31T09:23:39","slug":"34-les-revolutions-arabes-et-la-quete-de-dignite","status":"publish","type":"podcast","link":"https:\/\/cmb.hu-berlin.de\/fr\/podcasts\/34-les-revolutions-arabes-et-la-quete-de-dignite\/","title":{"rendered":"#34 &#8211; Les r\u00e9volutions arabes et la qu\u00eate de dignit\u00e9"},"featured_media":18136,"template":"","meta":{"_acf_changed":false},"class_list":["post-23798","podcast","type-podcast","status-publish","has-post-thumbnail","hentry"],"acf":[],"_links":{"self":[{"href":"https:\/\/cmb.hu-berlin.de\/fr\/wp-json\/wp\/v2\/podcast\/23798","targetHints":{"allow":["GET"]}}],"collection":[{"href":"https:\/\/cmb.hu-berlin.de\/fr\/wp-json\/wp\/v2\/podcast"}],"about":[{"href":"https:\/\/cmb.hu-berlin.de\/fr\/wp-json\/wp\/v2\/types\/podcast"}],"wp:featuredmedia":[{"embeddable":true,"href":"https:\/\/cmb.hu-berlin.de\/fr\/wp-json\/wp\/v2\/media\/18136"}],"wp:attachment":[{"href":"https:\/\/cmb.hu-berlin.de\/fr\/wp-json\/wp\/v2\/media?parent=23798"}],"curies":[{"name":"wp","href":"https:\/\/api.w.org\/{rel}","templated":true}]}}

#34 &#8211; Les révolutions arabes et la quête de dignité
